 g a composite number?
True
Suppose -30*s = -36590 + 178940. Suppose 21242 = -5*l + 8132. Let c = l - s. Is c a prime number?
False
Let l be (-2239335)/(-147) + 6/14. Suppose 2*j - m = l, 15234 = -11*j + 13*j - 4*m. Is j prime?
False
Suppose -5*f = 2*y + 209018 - 2201757, -f - 5*y = -398511. Is f composite?
True
Let m(b) = 10*b**2 + 14*b - 6. Let r(y) = -y + 13. Let p be r(4). Let f be m(p). Let o = f - 389. Is o a composite number?
False
Let f(q) be the first derivative of -2*q**3/3 + 87*q**2/2 - 44*q + 34. Is f(35) composite?
True
Let s = -71067 + 142304. Is s prime?
True
Suppose 0 = 14*s - 2*s - 729996. Is s a prime number?
False
Suppose 4*v = 20, -4*v + 9*v = 3*m - 177473. Suppose -2*h - 18834 - 20594 = -2*y, 3*y + 5*h = m. Is y a prime number?
True
Let y be 3321/15 + (-15)/(-25). Let u be y - (-3 + -3)*(-4)/8. Suppose 61 + u = q + s, 0 = -5*q + 5*s + 1370. Is q composite?
False
Let w(q) = -23*q + 34. Let o be (-12)/(-6 + 0) + 17/(-1). Is w(o) a prime number?
True
Is ((-770)/(-33) + -22)*(-1378554)/(-8) a composite number?
False
Suppose -684927 = -3*p - 5*g, 0 = 2*p - 14*g + 10*g - 456574. Is p a prime number?
True
Suppose 5*i + 568*q = 571*q + 880939, 4*i - 704764 = -4*q. Is i prime?
False
Let g(p) = p**3 - 47*p**2 + 400*p - 189. Is g(47) a prime number?
False
Suppose -780852 = -4*o - 2*l, 4*l - 127991 = -o + 67222. Is o prime?
False
Let s(x) = -2478*x**3 + 5*x**2 + 108*x - 3 - 108*x. Is s(-2) prime?
True
Suppose -1312 = -3*c + 4*d, 3*d = 5*c - 0*d - 2194. Let w be (-10821)/(-27) + 34/153. Let a = w + c. Is a a composite number?
True
Let w be 20/35 - 228/(-42). Is -4 + 4920/w + 5 prime?
True
Suppose -22 = 3*g - 19. Is 309*(22/(-3) - -5)*g composite?
True
Suppose 45*l = 46*l + 7. Is (-6 - l)*(-2 + 5970) - -3 prime?
False
Suppose 46*z - 5163147 - 954025 = 0. Is z a prime number?
False
Let w = 892 - 581. Suppose 3*p = 5*h - 685 - w, -3*p = 5*h - 1014. Is h a composite number?
True
Suppose 86*g - 83*g = 4*p - 13049, 1 = g. Is p composite?
True
Let m(a) = 819*a**2 - 35*a + 611. Is m(12) composite?
False
Is 87249 + -14*38/133 a composite number?
True
Let u(d) = -d**2 - 5*d + 10. Let j be u(-7). Is (-6)/j*75860/30 a prime number?
True
Let a(t) = 53590*t**2 - 74*t + 47. Is a(-6) a composite number?
False
Let w be (4/3)/(-4)*(-38 + 2). Is (-5)/(w/(-24)*(-2)/(-191)) prime?
False
Let g = 24 + 193. Suppose 221*i - g*i - 2492 = 0. Is i a composite number?
True
Let j(v) = -6*v - 8 - 135*v**3 + 2*v**2 - 1 - 389*v**3. Let p be j(-3). Suppose -4*s = -p - 3173. Is s composite?
False
Let n(c) = -c**3 + 14*c**2 + 4*c - 28. Let t(a) = 9*a**2 + a + 3. Let q be t(-1). Is n(q) a prime number?
True
Suppose 40*w + 22*w = 2448938. Is w a composite number?
False
Let d(z) = -19*z**2 + 2*z - 1. Let p be d(-1). Is 201*(p/(-3) + 3) a prime number?
False
Let i = 190169 - 86302. Is i a prime number?
True
Suppose 0 = -5*q + 7*r + 3758037, -22*q + 2*r = -23*q + 751621. Is q composite?
False
Let k = 120 + -115. Suppose k = d, -2*q - 6 = -6*d + 4*d. Suppose 7 = -j - 5*a, 4*j = 2*j - q*a + 2. Is j a prime number?
True
Let k(b) = -4*b**3 + 467*b**2 + 127*b - 235. Is k(110) prime?
False
Let v(c) = 4*c**2 + 27*c - 12. Let a be v(-10). Let k = a + -109. Let i(s) = 7*s**3 - 15*s**2 + 21*s + 6. Is i(k) a composite number?
True
Let m(b) = b**3 + b - 2. Let s be m(1). Suppose s = -4*u + 19563 + 13025. Is u a composite number?
False
Let m(u) = -3046*u + 9507. Is m(-112) a prime number?
False
Suppose 2*n = -2*v + 50778, 51*n + 126937 = 56*n + v. Is n a prime number?
False
Let r(c) = c**3 - 2*c**2 - 3*c + 2. Let g be r(3). Let w(a) = 66*a**2 + a + 2. Let k be w(g). Let x = k + -110. Is x prime?
False
Suppose -90*i + 60177 = -55293. Is i composite?
False
Let i(t) = 454*t**3 - 6*t**2 + 50*t + 71. Is i(6) a prime number?
False
Let u = 5458 + -3233. Let z = u - 984. Is z a composite number?
True
Suppose 24*n - 4759749 = 7068387. Is n a prime number?
True
Let l(d) = 9*d**3 - 42*d**2 + 16*d - 43. Let z(o) = -5*o**3 + 20*o**2 - 8*o + 22. Let j(q) = 4*l(q) + 7*z(q). Is j(28) a composite number?
True
Suppose -223*i - 41391 = -230*i. Suppose 0 = o + 5*a - i, 3*a - 4489 = 5*o - 34110. Is o a prime number?
True
Let u(n) = -40*n + 119 - 6 + 28. Is u(-19) a composite number?
True
Suppose -7*d = 8 + 34. Let p be 0 + d/(-4) + (-32241)/(-6). Let u = p + -3172. Is u a composite number?
False
Let w(v) = 2*v**2 + 15*v + 7. Let r be w(7). Suppose -38*p + 32*p - r = 0. Let q = 366 + p. Is q prime?
True
Is (-13)/585*15 - 1519856/(-6) a composite number?
True
Let j = -13869 + 20008. Is j a composite number?
True
Suppose 14*d = -7*d + 210. Suppose 3*a = 3*c + 12282, 10 = -8*c + d*c. Is a prime?
True
Suppose -2*t - 3*u = 6, 16*t - 11 = 11*t - u. Suppose -5*n + 5686 = 2*p, 8487 = t*p - 0*n - 3*n. Is p composite?
False
Let o(t) be the second derivative of -t**5/10 + 5*t**4/4 - 9*t**3/2 - 9*t**2/2 - 2*t + 24. Is o(-20) prime?
True
Is (14 - 1) + -16 - -44096 prime?
False
Suppose -16 = -2*s - 26. Let z be (0/(s - -3))/1. Suppose -5*q + 3*r + 2939 = z, q + 2915 = 6*q + 5*r. Is q composite?
True
Let k be ((-2)/2 + -13)*(-5595)/30. Suppose 276 = z - k. Is z a prime number?
True
Let i(l) = -2*l**2 + 27*l - 48. Let o be i(9). Is (-6)/66 + 96594/o a prime number?
True
Suppose -23*r - 103886 = 5*b - 19*r, -5*b + 3*r = 103858. Let s = b - -32431. Is s prime?
True
Let u = 16 - 13. Suppose 3*j - 8912 = u*h - 1901, -j + 2329 = h. Is j a prime number?
True
Suppose 226683 + 732753 = 36*d. Is d a prime number?
False
Is 144866982/1014 - ((-4)/26 + 0) composite?
False
Let w(p) be the third derivative of 0*p + 7/24*p**4 + 0 + 3/10*p**5 + 6*p**2 + 0*p**3. Is w(-5) composite?
True
Suppose 15*x + 2597 - 512 = 0. Let n = 234 - x. Is n a prime number?
True
Let g = 184528 - 55359. Is g a prime number?
True
Let x = -102820 + 235857. Is x prime?
False
Let s(f) = -f**3 + 44*f**2 - 88*f + 68. Suppose 3*g = 3*p + p - 144, -4*g = 4*p - 172. Is s(p) a composite number?
False
Suppose 35*j - 297667 - 168501 = 80217. Is j a composite number?
True
Let a be (5 + -15 + 8)*-1. Suppose 0 = -a*g - 2, 4*g + 1119 = -l + 26334. Is l prime?
True
Let a(z) = 4542*z**2 - 57*z - 113. Is a(-2) composite?
False
Suppose 5*m - 14519 - 3216 = 0. Let r = 6180 - m. Is r a composite number?
False
Suppose -3*l + 82 - 28 = 0. Suppose -l*r = -13*r - 25. Suppose r*a - 2794 = a - 5*c, -5*c - 1412 = -2*a. Is a prime?
True
Is (5/(-5))/((-41)/61195247) composite?
False
Is (13 - 1) + -20 - -129747 a composite number?
True
Let c(g) = 338*g**3 + 82*g**2 + 10*g + 1. Is c(5) prime?
True
Suppose 3*w - 2*w - 4 = -2*m, 5*m - 15 = -5*w. Let k(x) = 4 + 54*x**2 + 6 + 3*x + 18*x**2 - 11. Is k(w) prime?
True
Let t = -240 + 243. Suppose 0 = -t*r + 16*r - 43199. Is r a prime number?
True
Let r(g) = -175*g**3 + 43*g**2 + 220*g - 9. Is r(-8) prime?
True
Suppose 8*y + 9*y + 13*y - 8021190 = 0. Is y a prime number?
True
Let p(d) = -188*d**3 - 6*d**2 + 3*d - 4. Suppose 8*q = 9*q - 4. Let x be p(q). Is x/(-32) - 1/(-4) a prime number?
True
Is 1/(11/(-132)*48/(-1523108)) prime?
True
Let x(q) be the second derivative of 42*q + 0 + 5/2*q**2 + 26/3*q**3. Is x(4) prime?
False
Let h = -66701 - -211204. Is h a composite number?
True
Let c(v) = 25*v**3 - 2*v**2 + 21*v - 151. Suppose -96 = -13*g - 18. Is c(g) composite?
False
Let t = 525 + 326. Suppose t*w + 46857 = 854*w. Is w a composite number?
False
Let a be 6/5*(6 - 1). Let u be 64/(-24)*(-9)/a. Suppose -f = -2*d - 217 - 226, 1772 = 4*f - u*d. Is f a composite number?
False
Suppose -3*b = 3*b - 576. Suppose 2*n + b = 558. Suppose -711 = -6*u + n. Is u composite?
False
Suppose 0*k - 4*k = -8. Suppose 841 = d - 3*u, -k*d = -0*u - 3*u - 1670. Is d composite?
False
Let v = 53342 - 90532. Is 2/((-12)/v)*3 prime?
False
Let v = -207 - -482. Let j = 524 - v. Suppose -371 - j = -4*d. Is d prime?
False
Let u(z) = -3272*z - 1. Let d(j) = 2182*j + 1. Let h(y) = -8*d(y) - 5*u(y). Is h(-2) a prime number?
False
Suppose -9*q + 13*q = 3*z + 7388, q - 1847 = 4*z. Is q prime?
True
Let s(o) = o**2 + 5*o - 23. Let f be s(-9). Suppose f*a - 12770 = 3*a. Is a prime?
True
Suppose -5*r - 49768 = -4*n - 8*r, -49748 = -4*n + 2*r. Is n a prime number?
False
Let t(f) = 74*f - 21. Let k be 2286/81 - 4/18. Suppose 18 - k = -d. Is t(d) prime?
True
Let v(h) = 37*h**2 - 67*h + 5. I